Let m(b) = b**2 + b + 12. Let p(t) = -t**2 - 2*t - 11. Let n(s) = s + 6. Let r be n(0). Let f(z) = r*p(z) + 5*m(z). Determine f(-5).
4
Suppose t + 0*t = -4*o - 44, -2*o = -5*t + 44. Suppose 6*d - d + g = -42, 5*g + 10 = 0. Let j = o - d. Let q(w) = -3*w - 6. What is q(j)?
6
Suppose -5*r = 2*x - 8, x - 1 = 5*r + 3. Suppose -3*b = 3*p - x*b, 3*p + 5*b = 0. Let f(j) = 9 - 3 + p*j + 5*j - 4*j. Give f(-6).
0
Let m be -2*3/10*-5. Let r(s) = -3*s. Let z(w) = 15*w. Let n(v) = 6*r(v) + z(v). Give n(m).
-9
Suppose -4*k = -6*k + 20. Let d(j) = -j**2 + 10*j - 2. What is d(k)?
-2
Let u(l) be the second derivative of -l**4/3 - l**3/3 - l**2/2 - 5*l. Give u(-1).
-3
Let z(v) be the second derivative of -v**3/6 - 4*v. Let g(u) = u**2 + 2*u. Let o(n) = g(n) + 2*z(n). Calculate o(2).
4
Let b(o) = -o**3 - 6*o**2 - 6*o - 7. Let z be (2/4)/(1/(-2)). Let y(a) = -4*a + 2. Let l be y(2). Let q be 1 + 0/z + l. Determine b(q).
-2
Let r(o) = -243 + 236 - 3*o + 7*o**2 - o**3 + 0*o. Give r(7).
-28
Let q(w) = 2*w + 3 - 7 + 3 - w. Determine q(0).
-1
Let u(i) = -4*i**2 + 5*i - 112 - 3*i - i**3 + 115. Let q be 2/5 - 2/5. Let y = q + -4. Calculate u(y).
-5
Let y(n) be the first derivative of -n**6/360 + 7*n**5/120 - n**3/3 + 4. Let x(u) be the third derivative of y(u). Give x(6).
6
Let b(f) = 0*f - 2*f + 2*f + 2*f. Give b(-3).
-6
Let s be (-2)/9 + (-192)/270 + 1. Let b(p) be the third derivative of -s*p**5 + 5/24*p**4 - 1/120*p**6 + 0*p + 2*p**2 + 0 - 1/3*p**3. What is b(-5)?
-2
Let p(k) = -k + 7. Let w be ((-1 - 1) + 1)*1. Let r = 1 + w. Calculate p(r).
7
Let g(t) = -2*t + 3. Suppose -2*y = -3*d + 12, -y - 2*y + 3*d - 12 = 0. Suppose 4*u + 0*o - 4*o + 8 = 0, y = -5*o - 25. Let i be 14/4*(-4)/u. Determine g(i).
-1
Suppose 2*i - 14 = -5*a + 9, 0 = -2*a + 4*i - 10. Let t = -3 + 5. Let c(h) = -3*h - 2*h**3 + 3*h**3 - t*h**2 - 2*h + 2*h. Give c(a).
0
Let q(o) = 8*o - 1. Let k(h) = -7*h. Let j(a) = -6*k(a) - 5*q(a). Give j(-6).
-7
Let i(m) = m**2 + 5*m - 5. Let w be i(-5). Let a(n) be the third derivative of n**6/120 + n**5/15 - n**4/12 + 2*n**3/3 + n**2 + 19*n. Calculate a(w).
-11
Let o = -54 + 61. Let k(p) = p**3 - 6*p**2 - 8*p + 8. Give k(o).
1
Let n(z) = z**2 - 5*z + 5. Let v(w) = w**2 + 5*w + 5. Let c be v(-5). Give n(c).
5
Let y = -16 + 24. Let i = y - 6. Let z(l) = -l**i - 1 - 2*l**2 + 2*l**2. Give z(-2).
-5
Let g(a) = -a**3 + 4*a**2 - 5*a + 3. Let k be (-2 + (-11)/(-4))/(2/8). Determine g(k).
-3
Let x(v) = v**2 - 8*v - 4. Let h be x(9). Let b(z) = -z + 5. Calculate b(h).
0
Let z be 0 - (5 + 1)/2. Let h be (1/z)/((-3)/27). Let d(k) = h - k - 4 + 2*k. Determine d(3).
2
Let q(k) = k**3 + 4*k**2 + k - 5. Let n be q(-4). Let a be (-24)/n + (-2)/3. Let d(o) = -1 - 2*o**2 + 1 - 3*o**a. What is d(-1)?
-5
Let a(f) = f**3 + 4*f**2 + 4*f + 3. Let g be a(-2). Let i(j) = j + 7 - 5 - g. Determine i(4).
3
Let b(z) = -2*z - 5*z**2 + z + 7*z**2 - 9*z**2. Calculate b(-1).
-6
Let k(f) = 4*f**2 + 4*f**2 - 1 - f**2 - 3*f**2 - 2*f. Calculate k(2).
11
Let z(y) = y + 4. Let g(a) = -a - 3. Let f(w) = -3*g(w) - 2*z(w). Let k be (18/15)/(3/(-15)). Calculate f(k).
-5
Let i(w) = 1 - 1 - 6*w. Let a be (0/7)/(3 - 1). Suppose a = -3*d + 3 - 6. Give i(d).
6
Let f(h) = 5*h**3 - h**2 + h + 1. Suppose 0*w = -2*w + 4. Suppose 3*q + 1 = -w. What is f(q)?
-6
Let v = 1/29 - -143/58. Let k(h) be the second derivative of v*h**2 + 1/3*h**3 + 0 - 2*h. Give k(-5).
-5
Let n(p) = p. Let s = -26 - -29. Calculate n(s).
3
Let l(j) = 3*j - 7. Let b(o) = 9*o - 26. Let y(z) = 27*z - 77. Let u(m) = -17*b(m) + 6*y(m). Let v(g) = 17*l(g) - 6*u(g). Give v(3).
-8
Let g(d) be the second derivative of 1/2*d**2 + 1/12*d**4 + 0 - d + 5/6*d**3. Calculate g(-4).
-3
Let d(c) = c**2 - 3*c - 1. Let v(y) = -y**3 - 7*y**2 + 10. Let r be v(-7). Suppose -4*f + r = -2*f. Calculate d(f).
9
Suppose -2*z = -z - 2, 0 = 5*q + 3*z - 31. Suppose -q*a - 3*w + 4*w = 5, 20 = -5*a - 2*w. Let l(b) = -2*b**3 - 2*b**2 - b. Determine l(a).
10
Let j(p) be the second derivative of -p**4/12 - p**3/3 - p**2/2 + 17*p. Give j(-3).
-4
Let b(t) = -3*t**2 - 10*t. Let p(h) = -8*h**2 - 29*h. Let c(g) = -11*b(g) + 4*p(g). Give c(6).
0
Let k(t) = t - 1. Let s be k(0). Let z(l) = l - 1. Let d(g) = 5*g - 8. Let h(u) = s*d(u) + 3*z(u). Suppose 2*i + 2*i = 4*x, -30 = -2*i - 4*x. Calculate h(i).
-5
Let l(w) = -w**2 + 3*w - 9. Let s(i) = -2*i - 4*i + 8 + i**2 + 4*i. Let n = -19 - -22. Let v(t) = n*l(t) + 4*s(t). Calculate v(0).
5
Let m(n) = -n - 1. Let o be m(-4). Let c be 1*(-9)/o*1. Let s(q) be the third derivative of q**6/120 + q**5/30 - q**4/8 + 2*q**3/3 - q**2. Calculate s(c).
4
Let i = 15 - 12. Let n(v) = -4 + v**2 - 7*v**2 + v**i + 3*v**2 + v**2. Determine n(3).
5
Let d(k) = -k**2 + 9*k + 3. Let n(l) = -l. Suppose 6*x - 4*x = -2. Let p(w) = x*d(w) - 6*n(w). Determine p(5).
7
Suppose -17 - 38 = -5*h. Let m = -11 + h. Let z(c) be the third derivative of c**4/24 + 3*c**3/2 + 3*c**2. Determine z(m).
9
Let j(q) = -3*q + 2*q - 8 - 3*q + 5*q. Let u be 0/(-1 - (3 - 2)). Calculate j(u).
-8
Let s(k) = k**2 + k + 8. Let q = -63 - -63. Give s(q).
8
Let o(h) = -h - 2. Let r(v) = -v - 2. Let q(k) = -4*o(k) + 3*r(k). Give q(-2).
0
Let f = -14 - -16. Suppose -2*n + 14 = -f*g, -4*n + n + 13 = -g. Let x(m) = 3*m**3 - 4*m**2 + 8*m - 4*m - 2*m**3. Determine x(n).
3
Let t = -9 + 5. Let g(f) = f**2 + 4*f - 2. Give g(t).
-2
Let w be (2 + 2/(-4))*-6. Let v(a) = -7*a**2 - 15*a + 4. Let f(j) = 8*j**2 + 16*j - 5. Let z(u) = 6*f(u) + 7*v(u). What is z(w)?
-2
Let r(w) = w**2 - w - 9. Let u be r(4). Let b(f) = 3*f - u + 4*f - 12*f - f**2. Determine b(-3).
3
Let s(j) = -2*j - 3. Let p be s(-2). Let v(w) be the second derivative of 0 + 0*w**2 - 2*w + 1/6*w**3 + 1/5*w**5 + 0*w**4. Calculate v(p).
5
Let t(d) be the second derivative of -d**7/2520 + 3*d**5/40 + d**4/3 + 2*d. Let q(i) be the third derivative of t(i). What is q(0)?
9
Let j be ((-12)/(-10))/((-21)/(-280)). Suppose d = -3*d - j. Let x(p) be the third derivative of -p**4/24 - p**3/6 + 5*p**2. Calculate x(d).
3
Let h(k) = -k**3 - k**2 - 6. Suppose 4*t + 17 - 5 = 0. Let r be (-3 - t)/(1 + 1). Calculate h(r).
-6
Let u(w) = -w - 5. Suppose 2 - 51 = 7*d. Calculate u(d).
2
Let s(i) = 6*i + 1. Let z(f) = -19*f - 2. Let p(b) = 11*s(b) + 4*z(b). What is p(2)?
-17
Let o(y) = -y**3 - 5*y**2 - 5*y - 4. Let x(d) = -d**3 - 27*d**2 - 26*d - 4. Let b be x(-26). What is o(b)?
0
Suppose -t - 4 = -d, 16 = -0*t + 4*t. Let j = d - 3. Let n(g) = -2*g + 4. Calculate n(j).
-6
Let l(j) = -2*j**2 + 2*j - j**3 + 2*j**3 - 2420 + 2422. Determine l(-2).
-18
Let o(p) be the third derivative of p**5/60 - 3*p**4/8 + p**3/3 + 2*p**2. Calculate o(6).
-16
Suppose 2*v - i = 10, 0 = -5*v - 4*i + 35 + 3. Let t(c) = c**2 - 7*c + 8. What is t(v)?
2
Let m = 40 - 36. Let w(h) = -7*h**3 + 5*h**2 - 12*h + 7. Let n(a) = -8*a**3 + 5*a**2 - 13*a + 8. Let s(k) = 6*n(k) - 7*w(k). Determine s(m).
7
Let i(x) be the second derivative of 0 - 3/4*x**4 - 1/20*x**5 + x**2 - 4/3*x**3 + x. Let y be i(-8). Let p(r) = r**3 - 2*r - 1. Give p(y).
3
Let c(n) = -6*n - 1 + 0*n + 0 + 6 + n**2. Calculate c(6).
5
Suppose 0*d - d - 4 = 0. Let t(z) = -z**2 - 5*z - 2. Determine t(d).
2
Let a(r) = 5*r**3 - r**2 - r. Suppose 0 = y + y - 2, -c = 5*y - 15. Let w = c + -6. Suppose 4*k = -2*b - 12, -w*k = -7*k + 5*b + 17. What is a(k)?
-5
Let i(r) = -11*r**3 + 3*r**2 + 4*r + 3. Let v(c) = 5*c**3 - c**2 - 2*c - 1. Let b(a) = -6*i(a) - 13*v(a). Let q = -3 + -3. Let g = -1 - q. What is b(g)?
5
Let z(r) = -11*r + 5. Let y(m) = m - 1. Let x(t) = -6*y(t) - z(t). Determine x(-2).
-9
Suppose 4*r - 10 = -38. Let f(g) = g - 2. Give f(r).
-9
Let v(o) = -8*o + 4 - 33 - o**2 + 19. Give v(-7).
-3
Let b(d) be the second derivative of d**3/2 - 4*d**2 - 5*d. What is b(6)?
10
Suppose 2*f + 2*x = 4, -x - 4*x = 2*f + 5. Let u(s) = -3*s + 2 - f + 1 + s. What is u(-4)?
6
Let c(i) = i**2 - i + 2. Let v(b) = 2*b**2. Let o(k) = k**2. Let u(r) = 7*o(r) - 4*v(r). Let h be u(0). Let j = h - 0. What is c(j)?
2
Let d(w) be the first derivative of 0*w**4 + 0*w**2 - 2 + 2/3*w**3 + 1/120*w**5 + 0*w. Let g(j) be the third derivative of d(j). Give g(3).
3
Let v(p) = -p**3 + 6*p**2 - 4*p - 3. Let c be 3/(-2 - 1)*3. Let u be -4*(0 - c/(-6)). Suppose -3*d = d + 2*f - 14, -19 = -5*d - u*f. Calculate v(d).
2
Let n(l) = -l**3 + 5*l**2 + 8*l - 9. Let d be n